= 2*j - 7*j - 5*o + 1020. What is the tens digit of j?
0
Suppose 2*g - 17 - 69 = 0. What is the units digit of g?
3
Let d(h) = 6*h**2 + 7*h - 6. Let a be d(4). Let b = a + -69. What is the tens digit of b?
4
Let n(o) = -o**3 - 3*o**2 + 9*o + 4. What is the units digit of n(-5)?
9
Suppose -2*m - 114 = -4*p, -p - 5*m + 63 = p. What is the tens digit of p?
2
Suppose -532 = -5*z + 2*s, -z = -4*z + 4*s + 322. What is the units digit of z?
6
Let q be (-15)/(-10)*8/6. Suppose -3*y + 7*y - 24 = -4*l, 3*l = -q*y + 17. Suppose s = -l*o + 1 + 6, -2*s - 1 = -5*o. What is the units digit of o?
1
Suppose 34 = 3*w + 1. What is the tens digit of w?
1
Let c(i) = 5*i**2 - 3*i. What is the tens digit of c(3)?
3
Suppose -2*y = 3*y - 25. Suppose -2*z = -o, y*z - 6 = 2*o - o. Let t(x) = 8*x - 2. What is the units digit of t(z)?
4
Let w be 0 - (1 - -1) - -2. Suppose 4*k - 2*p - 12 = w, -3*k + 2*k + 4*p + 3 = 0. What is the units digit of k?
3
Suppose -4*y + 40 = -2*k, -5*y = 3*k + 8 - 80. Suppose -y + 0 = 4*t. What is the units digit of 4/3 + (-2)/t?
2
Let h(o) = 2*o + 4*o - 7*o - 17*o - 1. What is the tens digit of h(-1)?
1
Let q be ((-15)/(-20))/((-1)/(-96)). Let m be q/32*(-16)/6. What is the tens digit of -38*((-9)/m)/(-3)?
1
Let k = 169 + -52. What is the tens digit of k?
1
Suppose -5*l + 2*l - 45 = 0. Let g = l - -49. What is the units digit of g?
4
Suppose o - 18 = 4*o. Suppose 0*s = -8*s + 152. Let j = o + s. What is the units digit of j?
3
Suppose -12*d + 11*d = -33. What is the tens digit of d?
3
Let a = 49 + -24. Let v be (-1 + 6)*10/a. Suppose -2*l + 6*l + g = 9, -v*l + 4*g + 18 = 0. What is the units digit of l?
3
Suppose 4*h + 45 = 5*r, -r + h - 4*h + 9 = 0. Let v(t) = t**3 - 9*t**2 + 2*t - 3. What is the tens digit of v(r)?
1
Let p be (1 + -4)*2/3. Let o = 6 + p. Suppose 5*a - o = a. What is the units digit of a?
1
Let d(y) = 2*y + 6. Let h be d(-5). Let n be (1 - h) + 2/(-1). Suppose 5*b - 12 = n*b. What is the units digit of b?
6
Suppose 2*a = r + 4*a - 250, 0 = a + 2. What is the hundreds digit of r?
2
Suppose -7*f + 90 = -2*f. Suppose 5*o + 20 - 70 = 5*y, -3*y - f = -2*o. What is the units digit of o?
2
Suppose 2*v + 6 = 14. What is the units digit of v - (-1 - 2) - -1?
8
Let g(x) = x**2 - 2*x - 5. Let q be g(5). Let t be (-12)/15*q/(-4). Suppose 0 = i + 5, -t*d = -5*i + 3*i - 12. What is the units digit of d?
1
Let p be 8/6*(-108)/8. Let u = -13 - p. Suppose -2*g + g - 9 = -r, -u*g - 32 = -4*r. What is the tens digit of r?
1
Let o = 21 - 24. Let i(k) = -16*k - 7. What is the tens digit of i(o)?
4
Let i = 35 + 4. What is the tens digit of i?
3
Suppose -6*u + u = -465. What is the units digit of u?
3
Suppose -n + 3*n - 10 = 0. Let b = 6 - n. What is the units digit of b?
1
Let r(h) = 12*h**2 + h + 1. Let n be r(-1). What is the units digit of n*(-2 + 5/2)?
6
Let j(f) = f**3 - 7*f**2 + 10*f + 7. Let r be j(5). Let i = -15 - -30. Let q = i - r. What is the units digit of q?
8
Let c(b) = b**2 + 3*b - 3. What is the units digit of c(2)?
7
Let b = 2 + 0. What is the units digit of b?
2
Let h = -6 - -6. Let c be (-4 + 5)*(-1 + h). Let v(f) = 9*f**2 - f. What is the tens digit of v(c)?
1
Let t = -3 - -169. What is the hundreds digit of t?
1
Let u(x) = -x**3. Let h be u(-1). Let d be (h/(-1))/(2/(-40)). Suppose -d = -5*w + 5*n, n - 6*n - 12 = -w. What is the units digit of w?
2
Let i(x) = x**3 - 5*x**2 + 2*x + 3. Let g be i(4). Let w(k) = -k**3 - 6*k**2 - 7*k + 2. Let t be w(g). Suppose 0 = -4*y + 2*y + t. What is the units digit of y?
6
Let y = 19 + 49. What is the units digit of y?
8
Suppose -4*k + 4 = -n - 5, -k - 39 = -4*n. What is the units digit of 3*n - (-4 - -8)?
9
Let g(o) be the first derivative of -o**4/4 + o**3/3 + o**2 + 2. Let d be g(2). What is the units digit of d/6 - 3*-5?
5
Suppose -6*j + 2*j - 16 = 0. Let h be 3/1 + -10 + 6. What is the tens digit of (-22)/h*(-2)/j?
1
What is the tens digit of (486/12)/((-6)/(-40)) + -4?
6
Let f(s) = -3*s**3 + 4*s**2 - 3*s - 1. What is the hundreds digit of f(-3)?
1
Let k(u) = u**2 - 3*u - 2. Suppose -m = 3, -3*n + 2*m + 0*m + 15 = 0. Let q be k(n). What is the units digit of (3 - -6)/(q/(-4))?
8
Suppose 16 = 4*f - 4*i + i, -13 = -3*f + 2*i. What is the units digit of f?
7
What is the tens digit of 378/10 - 1 - 8/(-40)?
3
Let b(n) = 2*n - 8. Suppose 5*v + 13 - 43 = 0. Let i be b(v). Suppose -l = i*l - 4*a - 50, l - 4*a = 26. What is the units digit of l?
6
Suppose 4 - 1 = n. Suppose -5*b = -2*f - 11, -n*f + 4*b - 5 = 1. What is the units digit of 16/f + 3 + -2?
9
Suppose 5*h + 5*u - 5 = 0, -u - u - 2 = 0. Suppose 2*v + h*v = -12. Let t = 8 + v. What is the units digit of t?
5
Suppose -2*v + 0 = -4. Suppose 14 = l + 2*m, 5*l + 2*m = v*l + 22. Suppose -l = w - 8. What is the units digit of w?
4
Let z = 3 + 0. Let f be ((-30)/(-9))/(2/z). Suppose f = -m - 2*p + 4*p, 4*m - 3*p + 5 = 0. What is the units digit of m?
1
Suppose 5*n + 4*p + 8 = 34, 5*p = -4*n + 28. Let q(u) = 0*u + n*u + u**2 + 0*u**2. What is the units digit of q(2)?
8
Let l be 6/10 - (-81)/15. Suppose 0*v = 2*v - l. What is the units digit of (2/(-5))/(v/(-45))?
6
Suppose 2*k - 4*m = 212, 0*k - 3*m + 504 = 5*k. What is the units digit of k?
2
Suppose -4*l - 5 = 7. Let m be (-8)/12*(l - 0). Suppose 2*d - 2 - m = 0. What is the units digit of d?
2
What is the tens digit of ((-296)/(-6) - 1) + 3/(-9)?
4
Let p be (-18)/(6/(-4) + 0). Let z be ((-4)/(-6))/(4/p). Suppose -2*v + 2*l = 4*l, z*l - 1 = -3*v. What is the units digit of v?
1
Suppose -o + 4 = -4*l, -5*l - 4*o + 16 + 0 = 0. Suppose 76 = 5*r + b, l = -5*b + 5. What is the units digit of r + -1 - (4 - 1)?
1
Suppose 0 = -5*p + d - 19, -3*p - 9 = -p + d. What is the units digit of -1 + 4/(p/(-3))?
2
Let u = -5 + 7. Let y be u/(-6) - (-10)/(-6). What is the units digit of ((-2)/(-3))/(y/(-6))?
2
Let h = 10 - 7. Suppose -h*f - 30 = -2*b - f, -4*f + 59 = 3*b. What is the units digit of b?
7
Suppose -2 = t - 6. Suppose t*r + 36 = 5*r - 3*u, 5*r - 2*u = 141. What is the tens digit of r?
2
What is the units digit of -78*(4 - (-26)/(-6))?
6
Let m = -52 + -6. Let n = m + 101. What is the tens digit of n?
4
Suppose -5*t - 60 = -o - 4*o, 25 = 2*o - 3*t. Suppose 0*z + s = -2*z + o, -2*s + 8 = 2*z. What is the units digit of z?
7
Let o = 137 - -88. What is the units digit of o?
5
Suppose -v - 8 = 3*g - 28, 2*v - 28 = -2*g. Suppose -2*y + v = -y. What is the units digit of y?
1
Let m(q) = q**3 + 3*q**2 + 2*q + 3. Let k = 5 + -8. Let y be m(k). Let r = 10 + y. What is the units digit of r?
7
Suppose 0*q = -5*q. Let p be 16/10 - 2/(-5). Let y = q + p. What is the units digit of y?
2
Let l = 4 - -46. What is the units digit of l/((-2)/6*-3)?
0
Suppose -3*r = -3*g - r + 22, 2*r - 8 = -2*g. Let p(y) = 5*y + 8. What is the tens digit of p(g)?
3
Let u be 4/(2 + -6)*-11. Let g(a) = a**2 - 9*a + 6. What is the tens digit of g(u)?
2
What is the units digit of 170/15*6/4?
7
Let v(i) = 2*i + 2. Suppose 2*b - 5*p - 31 = 0, 2*p = -2*b - 1 - 3. Suppose b*t - 17 = -4*g, -3 = -2*g + t + 8. What is the units digit of v(g)?
2
Let l(r) = r**2 - r + 21. Let p be l(0). Suppose 5*z - 35 = -8*x + 3*x, -3*x - 2*z = -p. What is the units digit of x?
7
Suppose 75 - 228 = -2*g - 5*b, 5*g = -2*b + 330. What is the units digit of g?
4
Let l = 636 - 326. What is the tens digit of l?
1
Let u be 618/(-9) + (-2)/6. Let z = u - -111. What is the tens digit of z?
4
What is the tens digit of (8 - 2)/3 + 41?
4
Let r be (1/(-3))/((-1)/69). Let w = -17 + r. What is the units digit of w?
6
Suppose -26 + 83 = 3*q. What is the tens digit of q?
1
What is the tens digit of ((-15)/10)/(6/(-184))?
4
Let q = -101 - -177. Suppose 0 = -4*y + q - 12. What is the units digit of y?
6
Suppose -8*u = -5*u - 198. What is the tens digit of u?
6
Let p(r) = -r**2 - 9*r - 10. Let g be p(-7). Suppose -24 = s - g*s. What is the units digit of s?
8
Let g(j) = j**3 + 3*j**2 - 3*j - 4. Let m be g(-4). Let a = 34 + m. What is the tens digit of a?
2
Let s(g) = 6*g**2 - 6*g + 12. What is the units digit of s(4)?
4
Suppose -2*v - 5 = -5*d, d + 4*d - 15 = 0. Suppose -3*s = v*m - 4*m - 8, 4*s + 3*m - 19 = 0. What is the units digit of s?
1
Let b(m) = -1. Let y(n) = 2*n + 10. Let z(g) = -18*b(g) - 2*y(g). Let q be z(-2). What is the units digit of (1 + 8)*2/q?
3
Suppose 3*o